{"id":6047,"date":"2022-02-25T15:48:06","date_gmt":"2022-02-25T15:48:06","guid":{"rendered":"https:\/\/senasa.gob.hn\/web\/?page_id=6047"},"modified":"2022-02-25T16:34:11","modified_gmt":"2022-02-25T16:34:11","slug":"legal-acuerdos-consejo-directivo","status":"publish","type":"page","link":"https:\/\/senasa.gob.hn\/web\/legal-acuerdos-consejo-directivo\/","title":{"rendered":"Legal Acuerdos Consejo Directivo"},"content":{"rendered":"\t\t<div data-elementor-type=\"wp-page\" data-elementor-id=\"6047\" class=\"elementor elementor-6047\">\n\t\t\t\t\t\t<section class=\"elementor-section elementor-top-section elementor-element elementor-element-768fc2a elementor-section-boxed elementor-section-height-default elementor-section-height-default\" data-id=\"768fc2a\" data-element_type=\"section\" data-e-type=\"section\">\n\t\t\t\t\t\t<div class=\"elementor-container elementor-column-gap-default\">\n\t\t\t\t\t<div class=\"elementor-column elementor-col-100 elementor-top-column elementor-element elementor-element-743e7cf\" data-id=\"743e7cf\" data-element_type=\"column\" data-e-type=\"column\">\n\t\t\t<div class=\"elementor-widget-wrap elementor-element-populated\">\n\t\t\t\t\t\t<div class=\"elementor-element elementor-element-27242a4 elementor-widget elementor-widget-heading\" data-id=\"27242a4\" data-element_type=\"widget\" data-e-type=\"widget\" data-widget_type=\"heading.default\">\n\t\t\t\t<div class=\"elementor-widget-container\">\n\t\t\t\t\t<h2 class=\"elementor-heading-title elementor-size-default\">Acuerdos<\/h2>\t\t\t\t<\/div>\n\t\t\t\t<\/div>\n\t\t\t\t\t<\/div>\n\t\t<\/div>\n\t\t\t\t\t<\/div>\n\t\t<\/section>\n\t\t\t\t<section class=\"elementor-section elementor-top-section elementor-element elementor-element-e846f37 elementor-section-boxed elementor-section-height-default elementor-section-height-default\" data-id=\"e846f37\" data-element_type=\"section\" data-e-type=\"section\">\n\t\t\t\t\t\t<div class=\"elementor-container elementor-column-gap-default\">\n\t\t\t\t\t<div class=\"elementor-column elementor-col-100 elementor-top-column elementor-element elementor-element-f03dd47\" data-id=\"f03dd47\" data-element_type=\"column\" data-e-type=\"column\">\n\t\t\t<div class=\"elementor-widget-wrap elementor-element-populated\">\n\t\t\t\t\t\t<div class=\"elementor-element elementor-element-7f000c1 elementor-widget elementor-widget-toggle\" data-id=\"7f000c1\" data-element_type=\"widget\" data-e-type=\"widget\" data-widget_type=\"toggle.default\">\n\t\t\t\t<div class=\"elementor-widget-container\">\n\t\t\t\t\t\t\t<div class=\"elementor-toggle\">\n\t\t\t\t\t\t\t<div class=\"elementor-toggle-item\">\n\t\t\t\t\t<div id=\"elementor-tab-title-1331\" class=\"elementor-tab-title\" data-tab=\"1\" role=\"button\" aria-controls=\"elementor-tab-content-1331\" aria-expanded=\"false\">\n\t\t\t\t\t\t\t\t\t\t\t\t<span class=\"elementor-toggle-icon elementor-toggle-icon-left\" aria-hidden=\"true\">\n\t\t\t\t\t\t\t\t\t\t\t\t\t\t\t<span class=\"elementor-toggle-icon-closed\"><i class=\"fas fa-caret-right\"><\/i><\/span>\n\t\t\t\t\t\t\t\t<span class=\"elementor-toggle-icon-opened\"><i class=\"elementor-toggle-icon-opened fas fa-caret-up\"><\/i><\/span>\n\t\t\t\t\t\t\t\t\t\t\t\t\t<\/span>\n\t\t\t\t\t\t\t\t\t\t\t\t<a class=\"elementor-toggle-title\" tabindex=\"0\">Acuerdos Consejo Directivo 2022<\/a>\n\t\t\t\t\t<\/div>\n\n\t\t\t\t\t<div id=\"elementor-tab-content-1331\" class=\"elementor-tab-content elementor-clearfix\" data-tab=\"1\" role=\"region\" aria-labelledby=\"elementor-tab-title-1331\"><table width=\"1211\"><tbody><tr><td width=\"83\">Fecha<\/td><td width=\"171\">Numero de Acuerdo<\/td><td width=\"575\">Contenido<\/td><td width=\"136\">No. Gaceta<\/td><td width=\"134\">Fecha de Publicaci\u00f3n<\/td><td width=\"112\">Descarga<\/td><\/tr><tr><td width=\"83\">\u00a0<\/td><td width=\"171\">C.D.SENASA-001-2022<\/td><td width=\"575\">APROBAR LA MODIFICACI\u00d3N AL REGISTRO POR CAMBIO O AMPLIACI\u00d3N DE ESTABLECIMIENTOS COMERCIALIZADORES DE MEDICAMENTOS VETERINARIOS Y PRODUCTOS AFINES, Y ESTABLECIMIENTOS COMERCIALIZADORES DE PRODUCTOS UTILIZADOS EN ALIMENTACI\u00d3N ANIMAL.<\/td><td>\u00a0<\/td><td>\u00a0<\/td><td>Descarga<\/td><\/tr><tr><td width=\"83\">\u00a0<\/td><td width=\"171\">C.D.SENASA-002-2022<\/td><td width=\"575\">Modificar el Art\u00edculo 3 numeral 21 del\u00a0 REGLAMENTO DE TASAS POR SERVICIOS PRESTADOS POR EL SERVICIO NACIONAL DE SANIDAD E INOCUIDAD AGROALIMENTARIA, Acuerdo C.D.SENASA-005-2019, publicado en el Diario Oficial La Gaceta el 4 de marzo del 2019, Num. 34.886,\u00a0 el cual mantiene su redacci\u00f3n intacta, eliminado la frase \u201cy tasas ambientales por recolecci\u00f3n de envases vac\u00edos,<\/td><td>\u00a0<\/td><td>\u00a0<\/td><td>\u00a0<\/td><\/tr><tr><td width=\"83\">\u00a0<\/td><td width=\"171\">C.D. SENASA-003-2022<\/td><td>APROBAR EL REGLAMENTO DE VI\u00c1TICOS Y OTROS GASTOS DE VIAJE PARA FUNCIONARIOS Y EMPLEADOS DEL SERVICIO NACIONAL DE SANIDAD E INOCUIDAD AGROALIMENTARIA (SENASA)<\/td><td>\u00a0<\/td><td>\u00a0<\/td><td>\u00a0<\/td><\/tr><\/tbody><\/table><\/div>\n\t\t\t\t<\/div>\n\t\t\t\t\t\t\t<div class=\"elementor-toggle-item\">\n\t\t\t\t\t<div id=\"elementor-tab-title-1332\" class=\"elementor-tab-title\" data-tab=\"2\" role=\"button\" aria-controls=\"elementor-tab-content-1332\" aria-expanded=\"false\">\n\t\t\t\t\t\t\t\t\t\t\t\t<span class=\"elementor-toggle-icon elementor-toggle-icon-left\" aria-hidden=\"true\">\n\t\t\t\t\t\t\t\t\t\t\t\t\t\t\t<span class=\"elementor-toggle-icon-closed\"><i class=\"fas fa-caret-right\"><\/i><\/span>\n\t\t\t\t\t\t\t\t<span class=\"elementor-toggle-icon-opened\"><i class=\"elementor-toggle-icon-opened fas fa-caret-up\"><\/i><\/span>\n\t\t\t\t\t\t\t\t\t\t\t\t\t<\/span>\n\t\t\t\t\t\t\t\t\t\t\t\t<a class=\"elementor-toggle-title\" tabindex=\"0\">Acuerdos Consejo Directivo 2021<\/a>\n\t\t\t\t\t<\/div>\n\n\t\t\t\t\t<div id=\"elementor-tab-content-1332\" class=\"elementor-tab-content elementor-clearfix\" data-tab=\"2\" role=\"region\" aria-labelledby=\"elementor-tab-title-1332\"><table width=\"1225\"><tbody><tr><td width=\"83\">Fecha\u00a0<\/td><td width=\"217\">Numero de Acuerdo<\/td><td width=\"575\">Contenido\u00a0<\/td><td width=\"136\">No. Gaceta\u00a0<\/td><td width=\"134\">Fecha de Publicaci\u00f3n\u00a0<\/td><td width=\"80\">Descarga\u00a0<\/td><\/tr><tr><td width=\"83\">\u00a0<\/td><td width=\"217\">C.D.SENASA-001-2021<\/td><td width=\"575\">REGLAMENTO GENERAL DE SEMILLAS\u00a0<\/td><td>35629<\/td><td>16\/6\/2021<\/td><td>\u00a0<\/td><\/tr><tr><td width=\"83\">\u00a0<\/td><td width=\"217\">C.D.SENASA-002-2021<\/td><td width=\"575\">REGLAMENTO T\u00c9CNICO PARA LA PRODUCCI\u00d3N,\u00a0 IMPORTACI\u00d3N Y COMERCIALIZACI\u00d3N DE SEMILLA DE PAPA (Solanum tuberosum).\u00a0<\/td><td>35629<\/td><td>16\/6\/2021<\/td><td>\u00a0<\/td><\/tr><tr><td width=\"83\">\u00a0<\/td><td width=\"217\">C.D. SENASA-003-2021<\/td><td width=\"575\">APROBAR LA IMPLEMENTACION DEL SISTEMA DE GESTI\u00d3N ELECTR\u00d3NICA DE REGISTROS (GER) DEL SENASA.<\/td><td>35630<\/td><td>16\/6\/2021<\/td><td>\u00a0<\/td><\/tr><tr><td>\u00a0<\/td><td width=\"217\">C.D. SENASA-004-2021<\/td><td width=\"575\">Modificar el Art\u00edculo 8, por adici\u00f3n el cobro de tasa por Registro de Corrales de Engorde de Ganado Bovino en el REGLAMENTO DE TASAS POR SERVICIOS PRESTADOS POR EL SERVICIO NACIONAL DE SANIDAD E INOCUIDAD AGROALIMENTARIA, Acuerdo C.D.SENASA-005-2019<\/td><td>\u00a0<\/td><td>\u00a0<\/td><td>\u00a0<\/td><\/tr><tr><td>16\/11\/2021<\/td><td width=\"217\">C.D. SENASA-005-2021<\/td><td width=\"575\">APROBAR EL PROCEDIMIENTO PARA EL REGISTRO DE CORRALES DE ENGORDE DE GANADO BOVINO<\/td><td>\u00a0<\/td><td>\u00a0<\/td><td>\u00a0<\/td><\/tr><tr><td>16\/11\/2021<\/td><td width=\"217\">C.D. SENASA-006-2021<\/td><td width=\"575\">APROBAR EL REGLAMENTO DE VI\u00c1TICOS Y OTROS GASTOS DE VIAJE PARA FUNCIONARIOS Y EMPLEADOS DEL SERVICIO NACIONAL DE SANIDAD E INOCUIDAD AGROALIMENTARIA (SENASA)<\/td><td>\u00a0<\/td><td>\u00a0<\/td><td>\u00a0<\/td><\/tr><tr><td>16\/11\/2021<\/td><td width=\"217\">C.D. SENASA-007-2021<\/td><td width=\"575\">\u00a0modificaci\u00f3n al Art\u00edculo 8, por adici\u00f3n el cobro de tasa Administrativa por Postulaci\u00f3n por M\u00e9dico Veterinario (dos a\u00f1os) y por adici\u00f3n Tasa Operativa de Enlistamiento de Establecimiento Av\u00edcola por M\u00e9dico Veterinario Autorizado (Tasa por Granja Enlistada) ( dos a\u00f1os) en el REGLAMENTO DE TASAS POR SERVICIOS PRESTADOS POR EL SERVICIO NACIONAL DE SANIDAD E INOCUIDAD AGROALIMENTARIA, Acuerdo C.D.SENASA-005-2019.<\/td><td>\u00a0<\/td><td>\u00a0<\/td><td>\u00a0<\/td><\/tr><tr><td>\u00a0<\/td><td width=\"217\">C.D. SENASA-008-2021<\/td><td width=\"575\">\u00a0<\/td><td>\u00a0<\/td><td>\u00a0<\/td><td>\u00a0<\/td><\/tr><tr><td>\u00a0<\/td><td width=\"217\">C.D. SENASA-009-2021<\/td><td width=\"575\">\u00a0<\/td><td>\u00a0<\/td><td>\u00a0<\/td><td>\u00a0<\/td><\/tr><\/tbody><\/table><\/div>\n\t\t\t\t<\/div>\n\t\t\t\t\t\t\t<div class=\"elementor-toggle-item\">\n\t\t\t\t\t<div id=\"elementor-tab-title-1333\" class=\"elementor-tab-title\" data-tab=\"3\" role=\"button\" aria-controls=\"elementor-tab-content-1333\" aria-expanded=\"false\">\n\t\t\t\t\t\t\t\t\t\t\t\t<span class=\"elementor-toggle-icon elementor-toggle-icon-left\" aria-hidden=\"true\">\n\t\t\t\t\t\t\t\t\t\t\t\t\t\t\t<span class=\"elementor-toggle-icon-closed\"><i class=\"fas fa-caret-right\"><\/i><\/span>\n\t\t\t\t\t\t\t\t<span class=\"elementor-toggle-icon-opened\"><i class=\"elementor-toggle-icon-opened fas fa-caret-up\"><\/i><\/span>\n\t\t\t\t\t\t\t\t\t\t\t\t\t<\/span>\n\t\t\t\t\t\t\t\t\t\t\t\t<a class=\"elementor-toggle-title\" tabindex=\"0\">Acuerdos Consejo Directivo 2020<\/a>\n\t\t\t\t\t<\/div>\n\n\t\t\t\t\t<div id=\"elementor-tab-content-1333\" class=\"elementor-tab-content elementor-clearfix\" data-tab=\"3\" role=\"region\" aria-labelledby=\"elementor-tab-title-1333\"><table width=\"1059\"><tbody><tr><td colspan=\"5\" width=\"979\">ACUERDOS CONSEJO DIRECTIVO A\u00d1O 2020<\/td><td width=\"80\">\u00a0<\/td><\/tr><tr><td>Fecha\u00a0<\/td><td>Numero de Acuerdo<\/td><td>Contenido\u00a0<\/td><td>No. Gaceta\u00a0<\/td><td width=\"111\">Fecha de Publicaci\u00f3n\u00a0<\/td><td width=\"80\">Descarga\u00a0<\/td><\/tr><tr><td width=\"78\">21\/5\/2020<\/td><td width=\"157\">C.D.SENASA-001-2020<\/td><td width=\"502\">Reglamento del SINART<\/td><td>35272<\/td><td>3\/6\/2020<\/td><td>\u00a0<\/td><\/tr><tr><td width=\"78\">21\/5\/2020<\/td><td width=\"157\">C.D.SENASA-002-2020<\/td><td width=\"502\">Reglamento de Registro de Establecimientos Imp\/exp de productos y subproductos de origen animal y\/o vegetal<\/td><td>35727<\/td><td>3\/6\/2020<\/td><td>\u00a0<\/td><\/tr><tr><td width=\"78\">14\/7\/2020<\/td><td width=\"157\">C.D. SENASA-003-2020<\/td><td width=\"502\">Modificacion al Reglamento de Tasas por Servicios\u00a0<\/td><td>35346<\/td><td>18\/8\/2020<\/td><td>\u00a0<\/td><\/tr><tr><td>14\/7\/2020<\/td><td width=\"157\">C.D. SENASA-004-2020<\/td><td width=\"502\">Acuerdo Programa Envases Vacios\u00a0<\/td><td>35346<\/td><td>18\/8\/2020<\/td><td>\u00a0<\/td><\/tr><tr><td>20\/8\/2020<\/td><td width=\"157\">C.D. SENASA-005-2020<\/td><td width=\"502\">Acuerdo para Declarar la plaga Fusarium oxysporum f. sp. cubense Raza 4 Tropical de las Mus\u00e1ceas como Plaga de Importancia Cuarentenaria en todo el territorio nacional<\/td><td>35272<\/td><td>14\/9\/2020<\/td><td>\u00a0<\/td><\/tr><tr><td>21\/8\/2020<\/td><td width=\"157\">C.D. SENASA-006-2020<\/td><td width=\"502\">Reglamento de Autorizacion de Terceros<\/td><td>35372<\/td><td>14\/9\/2020<\/td><td>\u00a0<\/td><\/tr><tr><td>3\/11\/2020<\/td><td width=\"157\">C.D. SENASA-007-2020<\/td><td width=\"502\">Reglamento del Consejo Directivo del Servicio Nacional de Sanidad e Inocuidad Agroalimentaria (SENASA).<\/td><td>35449<\/td><td>4\/12\/2020<\/td><td>\u00a0<\/td><\/tr><tr><td>3\/11\/2020<\/td><td width=\"157\">C.D. SENASA-008-2020<\/td><td width=\"502\">Aprobar Procediemiento de Registros Temporales a Registros de duracion regular<\/td><td>35449<\/td><td>4\/12\/2020<\/td><td>\u00a0<\/td><\/tr><tr><td>1\/12\/2020<\/td><td width=\"157\">C.D. SENASA-009-2020<\/td><td width=\"502\">Modificacion al Reglamento de Tasas por Servicios\u00a0<\/td><td>35486<\/td><td>13\/1\/2021<\/td><td>\u00a0<\/td><\/tr><\/tbody><\/table><\/div>\n\t\t\t\t<\/div>\n\t\t\t\t\t\t\t<div class=\"elementor-toggle-item\">\n\t\t\t\t\t<div id=\"elementor-tab-title-1334\" class=\"elementor-tab-title\" data-tab=\"4\" role=\"button\" aria-controls=\"elementor-tab-content-1334\" aria-expanded=\"false\">\n\t\t\t\t\t\t\t\t\t\t\t\t<span class=\"elementor-toggle-icon elementor-toggle-icon-left\" aria-hidden=\"true\">\n\t\t\t\t\t\t\t\t\t\t\t\t\t\t\t<span class=\"elementor-toggle-icon-closed\"><i class=\"fas fa-caret-right\"><\/i><\/span>\n\t\t\t\t\t\t\t\t<span class=\"elementor-toggle-icon-opened\"><i class=\"elementor-toggle-icon-opened fas fa-caret-up\"><\/i><\/span>\n\t\t\t\t\t\t\t\t\t\t\t\t\t<\/span>\n\t\t\t\t\t\t\t\t\t\t\t\t<a class=\"elementor-toggle-title\" tabindex=\"0\">Acuerdos Consejo Directivo 2019<\/a>\n\t\t\t\t\t<\/div>\n\n\t\t\t\t\t<div id=\"elementor-tab-content-1334\" class=\"elementor-tab-content elementor-clearfix\" data-tab=\"4\" role=\"region\" aria-labelledby=\"elementor-tab-title-1334\"><table width=\"1233\"><tbody><tr><td width=\"80\">Fecha\u00a0<\/td><td width=\"171\">Numero de Acuerdo<\/td><td width=\"496\">Contenido\u00a0<\/td><td width=\"302\">No. Gaceta<\/td><td width=\"104\">Fecha de Publicaci\u00f3n\u00a0<\/td><td width=\"80\">Descarga\u00a0<\/td><\/tr><tr><td>15\/1\/2019<\/td><td>C.D. SENASA 001-2019<\/td><td>Reglamento de Tasas por Servicios<\/td><td width=\"302\">No fue publicado de acuerdo a Acta 22-2019 por que al momento de socializar el Reglamento lo productores icieron obs por tal razon fue pulicado mediante Acuerdo CD-SENASA-005-2019<\/td><td>\u00a0<\/td><td>Descarga<\/td><\/tr><tr><td>15\/1\/2019<\/td><td>C.D. SENASA 002-2019<\/td><td width=\"496\">Procedimiento para la evaluaci\u00f3n de los servicios oficiales de pa\u00edses asi\u00e1ticos para el inicio o mantenimiento de las exportaciones de productos de la pesca o la acuacultura hacia Honduras<\/td><td>34862<\/td><td>4\/2\/2019<\/td><td><a href=\"https:\/\/senasa.gob.hn\/web\/wp-content\/uploads\/2022\/02\/ACUERDO-CD-SENASA-002-2019-GACETA-34862.pdf\">Descarga<\/a><\/td><\/tr><tr><td>12\/2\/2019<\/td><td>C.D. SENASA 003-2019<\/td><td width=\"496\">Reglamento Interno de la Cadena Agroalimentaria del Rubro de\u00a0 Naranja<\/td><td>34879<\/td><td>23\/2\/2019<\/td><td><a href=\"https:\/\/senasa.gob.hn\/web\/wp-content\/uploads\/2022\/02\/ACUERDO-CD-SENASA-003-2019-GACETA-34879.pdf\">Descarga<\/a><\/td><\/tr><tr><td>12\/2\/2019<\/td><td>C.D. SENASA-004-2019<\/td><td width=\"496\">Creacion la Secci\u00f3n de Certificaci\u00f3n Fitosanitaria de Exportaci\u00f3n y la Unidad de Inspecci\u00f3n Fitosanitaria<\/td><td>34879<\/td><td>23\/2\/2019<\/td><td><a href=\"https:\/\/senasa.gob.hn\/web\/wp-content\/uploads\/2022\/02\/ACUERDO-CD-SENASA-004-2019-GACETA-34879.pdf\">Descarga<\/a><\/td><\/tr><tr><td>12\/2\/2019<\/td><td>C.D. SENASA-005-2019<\/td><td>Reglamento de Tasas por Servicio<\/td><td>34886<\/td><td>4\/3\/2019<\/td><td><a href=\"https:\/\/senasa.gob.hn\/web\/wp-content\/uploads\/2022\/02\/ACUERDO-CD-SENASA-005-2019-GACETA-34886.pdf\">Descarga<\/a><\/td><\/tr><tr><td>26\/2\/2019<\/td><td>C.D. SENASA-006-2019<\/td><td>Reglamento sobre el Registro, Uso y Control de Plaguicidas y sustancias afines<\/td><td>EN REVISION AUN\u00a0\u00a0<\/td><td>\u00a0<\/td><td>Descarga<\/td><\/tr><tr><td>\u00a0<\/td><td>C.D. SENASA-007-2019<\/td><td>Modificacion Reglamento del Programa Avicola Nacional<\/td><td>34949<\/td><td>21\/5\/2019<\/td><td><a href=\"https:\/\/senasa.gob.hn\/web\/wp-content\/uploads\/2022\/02\/ACUERDO-CD-SENASA-007-2019-GACETA-34949.pdf\">Descarga<\/a><\/td><\/tr><tr><td>27\/8\/2019<\/td><td>C.D.SENASA-008-2019<\/td><td width=\"496\">Procedimiento de autorizaci\u00f3n para solicitudes relacionadas\u00a0\u00a0 con\u00a0\u00a0 el\u00a0\u00a0 uso\u00a0\u00a0 de\u00a0\u00a0 nuevas\u00a0\u00a0 t\u00e9cnicas\u00a0\u00a0 de\u00a0\u00a0 mejoramiento gen\u00e9tico (biotecnolog\u00eda de precisi\u00f3n).<\/td><td>35047<\/td><td>12\/9\/2019<\/td><td><a href=\"https:\/\/senasa.gob.hn\/web\/wp-content\/uploads\/2022\/02\/ACUERDO-CD-SENASA-008-2019-GACETA-35047.pdf\">Descarga<\/a><\/td><\/tr><tr><td>\u00a0<\/td><td>C.D.SENASA-009-2019<\/td><td>\u00a0<\/td><td>FALTA\u00a0<\/td><td>\u00a0<\/td><td>Descarga<\/td><\/tr><tr><td width=\"80\">1\/1\/2020<\/td><td width=\"171\">C.D.SENASA-010-2019<\/td><td width=\"496\">Reglamento de Registro de Establecimientos Imp\/exp de productos y subproductos de origen animal y\/o vegetal<\/td><td>35224<\/td><td>11\/4\/2020<\/td><td><a href=\"https:\/\/senasa.gob.hn\/web\/wp-content\/uploads\/2022\/02\/ACUERDO-CD-SENASA-010-2019-GACETA-35224.pdf\">Descarga<\/a><\/td><\/tr><\/tbody><\/table><\/div>\n\t\t\t\t<\/div>\n\t\t\t\t\t\t\t<div class=\"elementor-toggle-item\">\n\t\t\t\t\t<div id=\"elementor-tab-title-1335\" class=\"elementor-tab-title\" data-tab=\"5\" role=\"button\" aria-controls=\"elementor-tab-content-1335\" aria-expanded=\"false\">\n\t\t\t\t\t\t\t\t\t\t\t\t<span class=\"elementor-toggle-icon elementor-toggle-icon-left\" aria-hidden=\"true\">\n\t\t\t\t\t\t\t\t\t\t\t\t\t\t\t<span class=\"elementor-toggle-icon-closed\"><i class=\"fas fa-caret-right\"><\/i><\/span>\n\t\t\t\t\t\t\t\t<span class=\"elementor-toggle-icon-opened\"><i class=\"elementor-toggle-icon-opened fas fa-caret-up\"><\/i><\/span>\n\t\t\t\t\t\t\t\t\t\t\t\t\t<\/span>\n\t\t\t\t\t\t\t\t\t\t\t\t<a class=\"elementor-toggle-title\" tabindex=\"0\">Acuerdos Consejo Directivo 2018<\/a>\n\t\t\t\t\t<\/div>\n\n\t\t\t\t\t<div id=\"elementor-tab-content-1335\" class=\"elementor-tab-content elementor-clearfix\" data-tab=\"5\" role=\"region\" aria-labelledby=\"elementor-tab-title-1335\"><table width=\"1132\"><tbody><tr><td colspan=\"4\" width=\"951\">ACUERDOS CONSEJO DIRECTIVO A\u00d1O 2018<\/td><td width=\"101\">\u00a0<\/td><td width=\"80\"><span style=\"font-size: 16px; font-style: normal; font-weight: 400;\">Descarga<\/span>\u00a0<\/td><\/tr><tr><td>Fecha\u00a0<\/td><td>Numero de Acuerdo<\/td><td width=\"545\">Contenido\u00a0<\/td><td>No. Gaceta<\/td><td width=\"101\">Fecha de Publicacion\u00a0<\/td><td>\u00a0Descarga<\/td><\/tr><tr><td>10\/1\/2018<\/td><td>C.D. SENASA-001-2018<\/td><td width=\"545\">Reglamento de Registro de Establecimientos importadores, procesadores y\/o exportadores de productos y subproductos de origen animal y\/o vegetal\u00a0<\/td><td>34550<\/td><td>24\/1\/2018<\/td><td>\u00a0<a href=\"https:\/\/senasa.gob.hn\/web\/wp-content\/uploads\/2022\/02\/ACUERDO-CD-SENASA-001-2018.pdf\">Descarga<\/a><\/td><\/tr><tr><td>10\/1\/2018<\/td><td>C.D. SENASA-002-2018<\/td><td width=\"545\">Reglamento General de Autorizacion de Terceros para que ejecuten actividades en el Marco de Programas Sanitarios del Servicio Nacional de Sanidad e Inocuidad Agroalimentaria (SENASA)<\/td><td>34550<\/td><td>24\/1\/2018<\/td><td>\u00a0<a href=\"https:\/\/senasa.gob.hn\/web\/wp-content\/uploads\/2022\/02\/ACUERDO-CD-SENASA-002-2018.pdf\">Descarga<\/a><\/td><\/tr><tr><td>16\/1\/2018<\/td><td>C.D. SENASA-003-2018<\/td><td width=\"545\">Reglamento del Programa Av\u00edcola Nacional\u00a0<\/td><td>34552<\/td><td>26\/1\/2018<\/td><td>\u00a0<a href=\"https:\/\/senasa.gob.hn\/web\/wp-content\/uploads\/2022\/02\/ACUERDO-CD-SENASA-003-2018.pdf\">Descarga<\/a><\/td><\/tr><tr><td>16\/1\/2018<\/td><td>C.D. SENASA-004-2018<\/td><td width=\"545\">Reglamento para la Prevencion, Control y Erradicaci\u00f3n de las Enfermedades Aviares<\/td><td>34552<\/td><td>26\/1\/2018<\/td><td>\u00a0<a href=\"https:\/\/senasa.gob.hn\/web\/wp-content\/uploads\/2022\/02\/ACUERDO-CD-SENASA-004-2018.pdf\">Descarga<\/a><\/td><\/tr><tr><td>18\/4\/2018<\/td><td>C.D. SENASA-005-2018<\/td><td width=\"545\">Reglamento de Registro de Establecimientos importadores, procesadores y\/o exportadores de productos y subproductos de origen animal y\/o vegetal\u00a0<\/td><td>34660<\/td><td>7\/6\/2018<\/td><td>\u00a0<a href=\"https:\/\/senasa.gob.hn\/web\/wp-content\/uploads\/2022\/02\/ACUERDO-CD-SENASA-005-2018.pdf\">Descarga<\/a><\/td><\/tr><tr><td>27\/11\/2018<\/td><td>C.D.SENASA-006-2018<\/td><td width=\"545\">Reglamento del SINART<\/td><td>34815<\/td><td>8\/12\/2018<\/td><td>\u00a0<a href=\"https:\/\/senasa.gob.hn\/web\/wp-content\/uploads\/2022\/02\/ACUERDO-CD-SENASA-006-2018.pdf\">Descarga<\/a><\/td><\/tr><tr><td>27\/11\/2018<\/td><td>C.D.SENASA-007-2019<\/td><td width=\"545\">Reglamento del Programa Av\u00edcola Nacional\u00a0<\/td><td>34815<\/td><td>8\/12\/2018<\/td><td>\u00a0<a href=\"https:\/\/senasa.gob.hn\/web\/wp-content\/uploads\/2022\/02\/ACUERDO-CD-SENASA-007-2018.pdf\">Descarga<\/a><\/td><\/tr><tr><td>18\/12\/2018<\/td><td>C.D.SENASA-008-2018<\/td><td width=\"545\">Modificacion Reglamento de Tasas por Servicio Acuerdo 001-2016.<\/td><td>34838<\/td><td>7\/1\/2019<\/td><td>\u00a0<a href=\"https:\/\/senasa.gob.hn\/web\/wp-content\/uploads\/2022\/02\/ACUERDO-CD-SENASA-008-2018.pdf\">Descarga<\/a><\/td><\/tr><tr><td>18\/12\/2018<\/td><td>C.D.SENASA-009-2018<\/td><td width=\"545\">Modificaci\u00f3n al Reglamento para la Inspecci\u00f3n y Certificaci\u00f3n de Productos Pesqueros y Acu\u00edcolas.<\/td><td>34830<\/td><td>7\/1\/2019<\/td><td>\u00a0<a href=\"https:\/\/senasa.gob.hn\/web\/wp-content\/uploads\/2022\/02\/ACUERDO-CD-SENASA-009-2018.pdf\">Descarga<\/a><\/td><\/tr><\/tbody><\/table><\/div>\n\t\t\t\t<\/div>\n\t\t\t\t\t\t\t<div class=\"elementor-toggle-item\">\n\t\t\t\t\t<div id=\"elementor-tab-title-1336\" class=\"elementor-tab-title\" data-tab=\"6\" role=\"button\" aria-controls=\"elementor-tab-content-1336\" aria-expanded=\"false\">\n\t\t\t\t\t\t\t\t\t\t\t\t<span class=\"elementor-toggle-icon elementor-toggle-icon-left\" aria-hidden=\"true\">\n\t\t\t\t\t\t\t\t\t\t\t\t\t\t\t<span class=\"elementor-toggle-icon-closed\"><i class=\"fas fa-caret-right\"><\/i><\/span>\n\t\t\t\t\t\t\t\t<span class=\"elementor-toggle-icon-opened\"><i class=\"elementor-toggle-icon-opened fas fa-caret-up\"><\/i><\/span>\n\t\t\t\t\t\t\t\t\t\t\t\t\t<\/span>\n\t\t\t\t\t\t\t\t\t\t\t\t<a class=\"elementor-toggle-title\" tabindex=\"0\">Acuerdos Consejo Directivo 2017<\/a>\n\t\t\t\t\t<\/div>\n\n\t\t\t\t\t<div id=\"elementor-tab-content-1336\" class=\"elementor-tab-content elementor-clearfix\" data-tab=\"6\" role=\"region\" aria-labelledby=\"elementor-tab-title-1336\"><table width=\"1112\"><tbody><tr><td colspan=\"5\" width=\"1032\">ACUERDOS CONSEJO DIRECTIVO A\u00d1O 2017<\/td><td width=\"80\">\u00a0<\/td><\/tr><tr><td>Fecha\u00a0<\/td><td>Numero de Acuerdo<\/td><td>Contenido\u00a0<\/td><td>\u00a0Gaceta<\/td><td width=\"103\">Fecha de publicaci\u00f3n\u00a0<\/td><td width=\"80\">Descarga\u00a0<\/td><\/tr><tr><td>\u00a0<\/td><td>Acuerdo CDSENASA-001-2017<\/td><td width=\"547\">Reformar los Art\u00edculos\u00a0 6 inciso a)\u00a0 y\u00a0 19\u00a0 del Reglamento Interno del Consejo Directivo del SENASA.<\/td><td>34365<\/td><td>16\/6\/2017<\/td><td><a href=\"https:\/\/senasa.gob.hn\/web\/wp-content\/uploads\/2022\/02\/ACUERDO-CD-SENASA-001-2017.pdf\">Descarga<\/a><\/td><\/tr><tr><td>\u00a0<\/td><td>Acuerdo CDSENASA-002-2017<\/td><td width=\"547\">Reformar por adici\u00f3n el \u201cREGLAMENTO DE TASAS POR SERVICIOS PRESTADOS POR EL SERVICIO NACIONAL DE SANIDAD E INOCUIDAD AGROALIMENTARIA (SENASA)\u201d Acuerdo Ejecutivo No.001-2016<\/td><td>34371<\/td><td>22\/6\/2017<\/td><td><a href=\"https:\/\/senasa.gob.hn\/web\/wp-content\/uploads\/2022\/02\/ACUERDO-CD-SENASA-002-2017.pdf\">Descarga<\/a><\/td><\/tr><tr><td>\u00a0<\/td><td>Acuerdo CDSENASA-003-2017<\/td><td width=\"547\">Reglamento de Registro de Establecimientos importadores, procesadores y\/o exportadores de productos y subproductos de origen animal y\/o vegetal<\/td><td width=\"80\">no tengo inf de esta acuerdo\u00a0\u00a0<\/td><td>\u00a0<\/td><td>Descarga<\/td><\/tr><\/tbody><\/table><\/div>\n\t\t\t\t<\/div>\n\t\t\t\t\t\t\t\t<\/div>\n\t\t\t\t\t\t<\/div>\n\t\t\t\t<\/div>\n\t\t\t\t\t<\/div>\n\t\t<\/div>\n\t\t\t\t\t<\/div>\n\t\t<\/section>\n\t\t\t\t<\/div>\n\t\t","protected":false},"excerpt":{"rendered":"<p>Acuerdos Acuerdos Consejo Directivo 2022 Fecha Numero de Acuerdo Contenido No. Gaceta Fecha de Publicaci\u00f3n Descarga \u00a0 C.D.SENASA-001-2022 APROBAR LA MODIFICACI\u00d3N AL REGISTRO POR CAMBIO O AMPLIACI\u00d3N DE ESTABLECIMIENTOS COMERCIALIZADORES DE MEDICAMENTOS VETERINARIOS Y PRODUCTOS AFINES, Y ESTABLECIMIENTOS COMERCIALIZADORES DE PRODUCTOS UTILIZADOS EN ALIMENTACI\u00d3N ANIMAL. \u00a0 \u00a0 Descarga \u00a0 C.D.SENASA-002-2022 Modificar el Art\u00edculo 3 numeral &hellip;<\/p>\n<p class=\"read-more\"> <a class=\"\" href=\"https:\/\/senasa.gob.hn\/web\/legal-acuerdos-consejo-directivo\/\"> <span class=\"screen-reader-text\">Legal Acuerdos Consejo Directivo<\/span> Leer m\u00e1s &raquo;<\/a><\/p>\n","protected":false},"author":1,"featured_media":0,"parent":0,"menu_order":0,"comment_status":"closed","ping_status":"closed","template":"","meta":{"ub_ctt_via":"","site-sidebar-layout":"no-sidebar","site-content-layout":"page-builder","ast-main-header-display":"","ast-hfb-above-header-display":"","ast-hfb-below-header-display":"","ast-hfb-mobile-header-display":"","site-post-title":"disabled","ast-breadcrumbs-content":"","ast-featured-img":"disabled","footer-sml-layout":"","theme-transparent-header-meta":"","adv-header-id-meta":"","stick-header-meta":"","header-above-stick-meta":"","header-main-stick-meta":"","header-below-stick-meta":"","footnotes":""},"class_list":["post-6047","page","type-page","status-publish","hentry"],"featured_image_src":null,"_links":{"self":[{"href":"https:\/\/senasa.gob.hn\/web\/wp-json\/wp\/v2\/pages\/6047","targetHints":{"allow":["GET"]}}],"collection":[{"href":"https:\/\/senasa.gob.hn\/web\/wp-json\/wp\/v2\/pages"}],"about":[{"href":"https:\/\/senasa.gob.hn\/web\/wp-json\/wp\/v2\/types\/page"}],"author":[{"embeddable":true,"href":"https:\/\/senasa.gob.hn\/web\/wp-json\/wp\/v2\/users\/1"}],"replies":[{"embeddable":true,"href":"https:\/\/senasa.gob.hn\/web\/wp-json\/wp\/v2\/comments?post=6047"}],"version-history":[{"count":5,"href":"https:\/\/senasa.gob.hn\/web\/wp-json\/wp\/v2\/pages\/6047\/revisions"}],"predecessor-version":[{"id":6078,"href":"https:\/\/senasa.gob.hn\/web\/wp-json\/wp\/v2\/pages\/6047\/revisions\/6078"}],"wp:attachment":[{"href":"https:\/\/senasa.gob.hn\/web\/wp-json\/wp\/v2\/media?parent=6047"}],"curies":[{"name":"wp","href":"https:\/\/api.w.org\/{rel}","templated":true}]}}