{"id":5924,"date":"2022-02-24T14:07:57","date_gmt":"2022-02-24T14:07:57","guid":{"rendered":"https:\/\/senasa.gob.hn\/web\/?page_id=5924"},"modified":"2022-04-06T18:52:33","modified_gmt":"2022-04-06T18:52:33","slug":"reglamentos-inocuidad-agroalimentaria","status":"publish","type":"page","link":"https:\/\/senasa.gob.hn\/web\/reglamentos-inocuidad-agroalimentaria\/","title":{"rendered":"reglamentos Inocuidad Agroalimentaria"},"content":{"rendered":"\t\t<div data-elementor-type=\"wp-page\" data-elementor-id=\"5924\" class=\"elementor elementor-5924\">\n\t\t\t\t\t\t<section class=\"elementor-section elementor-top-section elementor-element elementor-element-768fc2a elementor-section-boxed elementor-section-height-default elementor-section-height-default\" data-id=\"768fc2a\" data-element_type=\"section\" data-e-type=\"section\">\n\t\t\t\t\t\t<div class=\"elementor-container elementor-column-gap-default\">\n\t\t\t\t\t<div class=\"elementor-column elementor-col-100 elementor-top-column elementor-element elementor-element-743e7cf\" data-id=\"743e7cf\" data-element_type=\"column\" data-e-type=\"column\">\n\t\t\t<div class=\"elementor-widget-wrap elementor-element-populated\">\n\t\t\t\t\t\t<div class=\"elementor-element elementor-element-27242a4 elementor-widget elementor-widget-heading\" data-id=\"27242a4\" data-element_type=\"widget\" data-e-type=\"widget\" data-widget_type=\"heading.default\">\n\t\t\t\t<div class=\"elementor-widget-container\">\n\t\t\t\t\t<h2 class=\"elementor-heading-title elementor-size-default\">Inocuidad Agroalimentaria<\/h2>\t\t\t\t<\/div>\n\t\t\t\t<\/div>\n\t\t\t\t\t<\/div>\n\t\t<\/div>\n\t\t\t\t\t<\/div>\n\t\t<\/section>\n\t\t\t\t<section class=\"elementor-section elementor-top-section elementor-element elementor-element-e846f37 elementor-section-boxed elementor-section-height-default elementor-section-height-default\" data-id=\"e846f37\" data-element_type=\"section\" data-e-type=\"section\">\n\t\t\t\t\t\t<div class=\"elementor-container elementor-column-gap-default\">\n\t\t\t\t\t<div class=\"elementor-column elementor-col-100 elementor-top-column elementor-element elementor-element-f03dd47\" data-id=\"f03dd47\" data-element_type=\"column\" data-e-type=\"column\">\n\t\t\t<div class=\"elementor-widget-wrap elementor-element-populated\">\n\t\t\t\t\t\t<div class=\"elementor-element elementor-element-8161151 elementor-icon-list--layout-traditional elementor-list-item-link-full_width elementor-widget elementor-widget-icon-list\" data-id=\"8161151\" data-element_type=\"widget\" data-e-type=\"widget\" data-widget_type=\"icon-list.default\">\n\t\t\t\t<div class=\"elementor-widget-container\">\n\t\t\t\t\t\t\t<ul class=\"elementor-icon-list-items\">\n\t\t\t\t\t\t\t<li class=\"elementor-icon-list-item\">\n\t\t\t\t\t\t\t\t\t\t\t<a href=\"https:\/\/senasa.gob.hn\/web\/wp-content\/uploads\/2022\/02\/ACUERDO-05-2018-Aprobar-el-Reglamento-de-Registro-de-Establecimientos-importadores-procesadores-yo-exportadores-de-los-productos-y-o-subproductos-de-origen-animal-y-o.pdf\">\n\n\t\t\t\t\t\t\t\t\t\t\t\t<span class=\"elementor-icon-list-icon\">\n\t\t\t\t\t\t\t<i aria-hidden=\"true\" class=\"fas fa-check\"><\/i>\t\t\t\t\t\t<\/span>\n\t\t\t\t\t\t\t\t\t\t<span class=\"elementor-icon-list-text\">ACUERDO 05-2018 Aprobar el Reglamento de Registro de Establecimientos importadores, procesadores yo exportadores de los productos y o subproductos de origen animal y o<\/span>\n\t\t\t\t\t\t\t\t\t\t\t<\/a>\n\t\t\t\t\t\t\t\t\t<\/li>\n\t\t\t\t\t\t\t\t<li class=\"elementor-icon-list-item\">\n\t\t\t\t\t\t\t\t\t\t\t<a href=\"https:\/\/senasa.gob.hn\/web\/wp-content\/uploads\/2022\/02\/Acuerdo-N\u00b0-078-00-Reglamento-de-Inspeccion-Oficial-de-Carnes-y-Productos-Carnicos-de-fecha-15-de-febrero-del-2000.pdf\">\n\n\t\t\t\t\t\t\t\t\t\t\t\t<span class=\"elementor-icon-list-icon\">\n\t\t\t\t\t\t\t<i aria-hidden=\"true\" class=\"fas fa-check\"><\/i>\t\t\t\t\t\t<\/span>\n\t\t\t\t\t\t\t\t\t\t<span class=\"elementor-icon-list-text\">Acuerdo N\u00b0 078-00 Reglamento de Inspecci\u00f3n Oficial de Carnes y Productos C\u00e1rnicos,  de fecha 15 de febrero del 2000<\/span>\n\t\t\t\t\t\t\t\t\t\t\t<\/a>\n\t\t\t\t\t\t\t\t\t<\/li>\n\t\t\t\t\t\t\t\t<li class=\"elementor-icon-list-item\">\n\t\t\t\t\t\t\t\t\t\t\t<a href=\"https:\/\/senasa.gob.hn\/web\/wp-content\/uploads\/2022\/02\/Acuerdo-N\u00b0-656-01-Reglamento-para-la-Inspeccion-y-Certificacion-Sanitaria-de-la-Leche-y-los-Productos-de-Origen-Animal.pdf\">\n\n\t\t\t\t\t\t\t\t\t\t\t\t<span class=\"elementor-icon-list-icon\">\n\t\t\t\t\t\t\t<i aria-hidden=\"true\" class=\"fas fa-check\"><\/i>\t\t\t\t\t\t<\/span>\n\t\t\t\t\t\t\t\t\t\t<span class=\"elementor-icon-list-text\">Acuerdo N\u00b0 656-01 Reglamento para la Inspecci\u00f3n y Certificaci\u00f3n Sanitaria de la Leche y los Productos de Origen Animal<\/span>\n\t\t\t\t\t\t\t\t\t\t\t<\/a>\n\t\t\t\t\t\t\t\t\t<\/li>\n\t\t\t\t\t\t\t\t<li class=\"elementor-icon-list-item\">\n\t\t\t\t\t\t\t\t\t\t\t<a href=\"https:\/\/senasa.gob.hn\/web\/wp-content\/uploads\/2022\/02\/Acuerdo-N\u00b0-728-2008-Reglamento-para-la-Inspeccion-y-Certificacion-Zoosanitaria-de-Productos-Pesqueros-y-Acuicolas.pdf\">\n\n\t\t\t\t\t\t\t\t\t\t\t\t<span class=\"elementor-icon-list-icon\">\n\t\t\t\t\t\t\t<i aria-hidden=\"true\" class=\"fas fa-check\"><\/i>\t\t\t\t\t\t<\/span>\n\t\t\t\t\t\t\t\t\t\t<span class=\"elementor-icon-list-text\">Acuerdo N\u00b0 728-2008 Reglamento para la Inspecci\u00f3n y Certificaci\u00f3n Zoosanitaria de Productos Pesqueros y Acu\u00edcolas<\/span>\n\t\t\t\t\t\t\t\t\t\t\t<\/a>\n\t\t\t\t\t\t\t\t\t<\/li>\n\t\t\t\t\t\t\t\t<li class=\"elementor-icon-list-item\">\n\t\t\t\t\t\t\t\t\t\t\t<a href=\"https:\/\/senasa.gob.hn\/web\/wp-content\/uploads\/2022\/02\/Acuerdo-N\u00b0-1994-15-Aprobadar-el-procedimeinto-para-la-certificacion-de-instalaciones-para-el-almacenamiento-temporal-de-granos-y-subproductos.pdf\">\n\n\t\t\t\t\t\t\t\t\t\t\t\t<span class=\"elementor-icon-list-icon\">\n\t\t\t\t\t\t\t<i aria-hidden=\"true\" class=\"fas fa-check\"><\/i>\t\t\t\t\t\t<\/span>\n\t\t\t\t\t\t\t\t\t\t<span class=\"elementor-icon-list-text\">Acuerdo N\u00b0 1994-15 Aprobadar el procedimeinto para la certificacion de instalaciones para el almacenamiento temporal de granos y subproductos<\/span>\n\t\t\t\t\t\t\t\t\t\t\t<\/a>\n\t\t\t\t\t\t\t\t\t<\/li>\n\t\t\t\t\t\t\t\t<li class=\"elementor-icon-list-item\">\n\t\t\t\t\t\t\t\t\t\t\t<a href=\"https:\/\/senasa.gob.hn\/web\/wp-content\/uploads\/2022\/02\/Acuerdo-N\u00b0552-05-Reglamento-de-la-Inspeccion-Sacrificio-e-Industrializacion-de-Productos-y-Subproductos-Avicolas.pdf\">\n\n\t\t\t\t\t\t\t\t\t\t\t\t<span class=\"elementor-icon-list-icon\">\n\t\t\t\t\t\t\t<i aria-hidden=\"true\" class=\"fas fa-check\"><\/i>\t\t\t\t\t\t<\/span>\n\t\t\t\t\t\t\t\t\t\t<span class=\"elementor-icon-list-text\">Acuerdo N\u00b0552-05 Reglamento de la Inspecci\u00f3n Sacrificio e Industrializaci\u00f3n de Productos y Subproductos Av\u00edcolas<\/span>\n\t\t\t\t\t\t\t\t\t\t\t<\/a>\n\t\t\t\t\t\t\t\t\t<\/li>\n\t\t\t\t\t\t\t\t<li class=\"elementor-icon-list-item\">\n\t\t\t\t\t\t\t\t\t\t\t<a href=\"https:\/\/senasa.gob.hn\/web\/wp-content\/uploads\/2022\/02\/Acuerdo-No.-256-2014-Reglamento-para-la-Inspeccion-Aprobacion-y-Certificacion-Sanitaria-de-Frutas-Hortalizas-Frescas-y-Procesadas-de-fecha-11-de-septiembre-de-2014.pdf\">\n\n\t\t\t\t\t\t\t\t\t\t\t\t<span class=\"elementor-icon-list-icon\">\n\t\t\t\t\t\t\t<i aria-hidden=\"true\" class=\"fas fa-check\"><\/i>\t\t\t\t\t\t<\/span>\n\t\t\t\t\t\t\t\t\t\t<span class=\"elementor-icon-list-text\">Acuerdo No. 256-2014 Reglamento para la Inspecci\u00f3n, Aprobaci\u00f3n y Certificaci\u00f3n Sanitaria de Frutas, Hortalizas Frescas y Procesadas  de fecha 11 de septiembre de 2014<\/span>\n\t\t\t\t\t\t\t\t\t\t\t<\/a>\n\t\t\t\t\t\t\t\t\t<\/li>\n\t\t\t\t\t\t\t\t<li class=\"elementor-icon-list-item\">\n\t\t\t\t\t\t\t\t\t\t\t<a href=\"https:\/\/senasa.gob.hn\/web\/wp-content\/uploads\/2022\/02\/GACETA-ACUERDO-No.-C.D.-SENASA-002-2020-Aprobar-el-reglamento-de-registro-y-renovacion-CENTROS-DE-ACOPIO.pdf\">\n\n\t\t\t\t\t\t\t\t\t\t\t\t<span class=\"elementor-icon-list-icon\">\n\t\t\t\t\t\t\t<i aria-hidden=\"true\" class=\"fas fa-check\"><\/i>\t\t\t\t\t\t<\/span>\n\t\t\t\t\t\t\t\t\t\t<span class=\"elementor-icon-list-text\">GACETA ACUERDO-No.-C.D.-SENASA-002-2020 Aprobar el reglamento de registro y renovaci\u00f3n CENTROS DE ACOPIO<\/span>\n\t\t\t\t\t\t\t\t\t\t\t<\/a>\n\t\t\t\t\t\t\t\t\t<\/li>\n\t\t\t\t\t\t\t\t<li class=\"elementor-icon-list-item\">\n\t\t\t\t\t\t\t\t\t\t\t<a href=\"https:\/\/senasa.gob.hn\/web\/wp-content\/uploads\/2022\/02\/REGLAMENTO-PARA-LA-INSPECCION-E-INOCUIDAD-DE-PRODUCTOS-Y-SUBPRODUCTOS-DE-ORIGEN-VEGETAL..pdf\">\n\n\t\t\t\t\t\t\t\t\t\t\t\t<span class=\"elementor-icon-list-icon\">\n\t\t\t\t\t\t\t<i aria-hidden=\"true\" class=\"fas fa-check\"><\/i>\t\t\t\t\t\t<\/span>\n\t\t\t\t\t\t\t\t\t\t<span class=\"elementor-icon-list-text\">REGLAMENTO PARA LA INSPECCION E INOCUIDAD DE PRODUCTOS Y SUBPRODUCTOS DE ORIGEN VEGETAL.<\/span>\n\t\t\t\t\t\t\t\t\t\t\t<\/a>\n\t\t\t\t\t\t\t\t\t<\/li>\n\t\t\t\t\t\t<\/ul>\n\t\t\t\t\t\t<\/div>\n\t\t\t\t<\/div>\n\t\t\t\t\t<\/div>\n\t\t<\/div>\n\t\t\t\t\t<\/div>\n\t\t<\/section>\n\t\t\t\t<\/div>\n\t\t","protected":false},"excerpt":{"rendered":"<p>Inocuidad Agroalimentaria ACUERDO 05-2018 Aprobar el Reglamento de Registro de Establecimientos importadores, procesadores yo exportadores de los productos y o subproductos de origen animal y o Acuerdo N\u00b0 078-00 Reglamento de Inspecci\u00f3n Oficial de Carnes y Productos C\u00e1rnicos, de fecha 15 de febrero del 2000 Acuerdo N\u00b0 656-01 Reglamento para la Inspecci\u00f3n y Certificaci\u00f3n Sanitaria &hellip;<\/p>\n<p class=\"read-more\"> <a class=\"\" href=\"https:\/\/senasa.gob.hn\/web\/reglamentos-inocuidad-agroalimentaria\/\"> <span class=\"screen-reader-text\">reglamentos Inocuidad Agroalimentaria<\/span> Leer m\u00e1s &raquo;<\/a><\/p>\n","protected":false},"author":1,"featured_media":0,"parent":0,"menu_order":0,"comment_status":"closed","ping_status":"closed","template":"","meta":{"ub_ctt_via":"","site-sidebar-layout":"no-sidebar","site-content-layout":"page-builder","ast-main-header-display":"","ast-hfb-above-header-display":"","ast-hfb-below-header-display":"","ast-hfb-mobile-header-display":"","site-post-title":"disabled","ast-breadcrumbs-content":"","ast-featured-img":"disabled","footer-sml-layout":"","theme-transparent-header-meta":"","adv-header-id-meta":"","stick-header-meta":"","header-above-stick-meta":"","header-main-stick-meta":"","header-below-stick-meta":"","footnotes":""},"class_list":["post-5924","page","type-page","status-publish","hentry"],"featured_image_src":null,"_links":{"self":[{"href":"https:\/\/senasa.gob.hn\/web\/wp-json\/wp\/v2\/pages\/5924","targetHints":{"allow":["GET"]}}],"collection":[{"href":"https:\/\/senasa.gob.hn\/web\/wp-json\/wp\/v2\/pages"}],"about":[{"href":"https:\/\/senasa.gob.hn\/web\/wp-json\/wp\/v2\/types\/page"}],"author":[{"embeddable":true,"href":"https:\/\/senasa.gob.hn\/web\/wp-json\/wp\/v2\/users\/1"}],"replies":[{"embeddable":true,"href":"https:\/\/senasa.gob.hn\/web\/wp-json\/wp\/v2\/comments?post=5924"}],"version-history":[{"count":5,"href":"https:\/\/senasa.gob.hn\/web\/wp-json\/wp\/v2\/pages\/5924\/revisions"}],"predecessor-version":[{"id":6292,"href":"https:\/\/senasa.gob.hn\/web\/wp-json\/wp\/v2\/pages\/5924\/revisions\/6292"}],"wp:attachment":[{"href":"https:\/\/senasa.gob.hn\/web\/wp-json\/wp\/v2\/media?parent=5924"}],"curies":[{"name":"wp","href":"https:\/\/api.w.org\/{rel}","templated":true}]}}