{"id":1583,"date":"2021-11-15T17:51:24","date_gmt":"2021-11-15T17:51:24","guid":{"rendered":"https:\/\/senasa.gob.hn\/web\/?page_id=1583"},"modified":"2022-02-22T16:13:59","modified_gmt":"2022-02-22T16:13:59","slug":"vigilancia-de-enfermedades-en-equinos","status":"publish","type":"page","link":"https:\/\/senasa.gob.hn\/web\/vigilancia-de-enfermedades-en-equinos\/","title":{"rendered":"Vigilancia de Enfermedades en Equinos"},"content":{"rendered":"\t\t<div data-elementor-type=\"wp-page\" data-elementor-id=\"1583\" class=\"elementor elementor-1583\">\n\t\t\t\t\t\t<section class=\"elementor-section elementor-top-section elementor-element elementor-element-94d651b elementor-section-boxed elementor-section-height-default elementor-section-height-default\" data-id=\"94d651b\" data-element_type=\"section\" data-e-type=\"section\">\n\t\t\t\t\t\t<div class=\"elementor-container elementor-column-gap-default\">\n\t\t\t\t\t<div class=\"elementor-column elementor-col-100 elementor-top-column elementor-element elementor-element-03e65f1\" data-id=\"03e65f1\" data-element_type=\"column\" data-e-type=\"column\">\n\t\t\t<div class=\"elementor-widget-wrap elementor-element-populated\">\n\t\t\t\t\t\t<div class=\"elementor-element elementor-element-f73c74c elementor-widget elementor-widget-heading\" data-id=\"f73c74c\" data-element_type=\"widget\" data-e-type=\"widget\" data-widget_type=\"heading.default\">\n\t\t\t\t<div class=\"elementor-widget-container\">\n\t\t\t\t\t<h2 class=\"elementor-heading-title elementor-size-default\">Vigilancia de Enfermedades en Equinos<\/h2>\t\t\t\t<\/div>\n\t\t\t\t<\/div>\n\t\t\t\t\t<\/div>\n\t\t<\/div>\n\t\t\t\t\t<\/div>\n\t\t<\/section>\n\t\t\t\t<section class=\"elementor-section elementor-top-section elementor-element elementor-element-97893c9 elementor-section-boxed elementor-section-height-default elementor-section-height-default\" data-id=\"97893c9\" data-element_type=\"section\" data-e-type=\"section\">\n\t\t\t\t\t\t<div class=\"elementor-container elementor-column-gap-default\">\n\t\t\t\t\t<div class=\"elementor-column elementor-col-100 elementor-top-column elementor-element elementor-element-e950ec3\" data-id=\"e950ec3\" data-element_type=\"column\" data-e-type=\"column\">\n\t\t\t<div class=\"elementor-widget-wrap elementor-element-populated\">\n\t\t\t\t\t\t<div class=\"elementor-element elementor-element-6af63a2 elementor-widget elementor-widget-text-editor\" data-id=\"6af63a2\" data-element_type=\"widget\" data-e-type=\"widget\" data-widget_type=\"text-editor.default\">\n\t\t\t\t<div class=\"elementor-widget-container\">\n\t\t\t\t\t\t\t\t\t<p><span style=\"font-weight: 400; font-family: pluto-sans;\">El Departamento de Epidemiolog\u00eda desarrolla actividades para la vigilancia de enfermedades de control oficial de equinos.<\/span><\/p><ol><li style=\"font-weight: 400;\" aria-level=\"1\"><span style=\"font-weight: 400; font-family: pluto-sans;\">Anemia Infecciosa Equina<\/span><\/li><li style=\"font-weight: 400;\" aria-level=\"1\"><span style=\"font-weight: 400; font-family: pluto-sans;\">Encefalomielitis equina<\/span><\/li><li style=\"font-weight: 400;\" aria-level=\"1\"><span style=\"font-weight: 400; font-family: pluto-sans;\">Piroplasmosis equina<\/span><\/li><\/ol><p><span style=\"font-family: pluto-sans;\"><b>Nuestros Servicios<\/b><\/span><\/p><ol><li style=\"font-weight: 400;\" aria-level=\"1\"><span style=\"font-weight: 400; font-family: pluto-sans;\">Atenci\u00f3n de Denuncias<\/span><\/li><li style=\"font-weight: 400;\" aria-level=\"1\"><span style=\"font-weight: 400; font-family: pluto-sans;\">Recolecci\u00f3n de muestras para el Diagn\u00f3stico de Anemia Infecciosa Equina<\/span><\/li><li style=\"font-weight: 400;\" aria-level=\"1\"><span style=\"font-weight: 400; font-family: pluto-sans;\">Vacunaci\u00f3n para la prevenci\u00f3n de Encefalomielitis Equina Venezolana.<\/span><\/li><li style=\"font-weight: 400;\" aria-level=\"1\"><span style=\"font-weight: 400; font-family: pluto-sans;\">Emisi\u00f3n de Constancia de Vacunaci\u00f3n contra Encefalomielitis Equina Venezolana<\/span><\/li><\/ol>\t\t\t\t\t\t\t\t<\/div>\n\t\t\t\t<\/div>\n\t\t\t\t\t<\/div>\n\t\t<\/div>\n\t\t\t\t\t<\/div>\n\t\t<\/section>\n\t\t\t\t<\/div>\n\t\t","protected":false},"excerpt":{"rendered":"<p>Vigilancia de Enfermedades en Equinos El Departamento de Epidemiolog\u00eda desarrolla actividades para la vigilancia de enfermedades de control oficial de equinos. Anemia Infecciosa Equina Encefalomielitis equina Piroplasmosis equina Nuestros Servicios Atenci\u00f3n de Denuncias Recolecci\u00f3n de muestras para el Diagn\u00f3stico de Anemia Infecciosa Equina Vacunaci\u00f3n para la prevenci\u00f3n de Encefalomielitis Equina Venezolana. Emisi\u00f3n de Constancia de &hellip;<\/p>\n<p class=\"read-more\"> <a class=\"\" href=\"https:\/\/senasa.gob.hn\/web\/vigilancia-de-enfermedades-en-equinos\/\"> <span class=\"screen-reader-text\">Vigilancia de Enfermedades en Equinos<\/span> Leer m\u00e1s &raquo;<\/a><\/p>\n","protected":false},"author":1,"featured_media":0,"parent":0,"menu_order":0,"comment_status":"closed","ping_status":"closed","template":"","meta":{"ub_ctt_via":"","site-sidebar-layout":"no-sidebar","site-content-layout":"page-builder","ast-main-header-display":"","ast-hfb-above-header-display":"","ast-hfb-below-header-display":"","ast-hfb-mobile-header-display":"","site-post-title":"disabled","ast-breadcrumbs-content":"","ast-featured-img":"disabled","footer-sml-layout":"","theme-transparent-header-meta":"default","adv-header-id-meta":"","stick-header-meta":"","header-above-stick-meta":"","header-main-stick-meta":"","header-below-stick-meta":"","footnotes":""},"class_list":["post-1583","page","type-page","status-publish","hentry"],"featured_image_src":null,"_links":{"self":[{"href":"https:\/\/senasa.gob.hn\/web\/wp-json\/wp\/v2\/pages\/1583","targetHints":{"allow":["GET"]}}],"collection":[{"href":"https:\/\/senasa.gob.hn\/web\/wp-json\/wp\/v2\/pages"}],"about":[{"href":"https:\/\/senasa.gob.hn\/web\/wp-json\/wp\/v2\/types\/page"}],"author":[{"embeddable":true,"href":"https:\/\/senasa.gob.hn\/web\/wp-json\/wp\/v2\/users\/1"}],"replies":[{"embeddable":true,"href":"https:\/\/senasa.gob.hn\/web\/wp-json\/wp\/v2\/comments?post=1583"}],"version-history":[{"count":5,"href":"https:\/\/senasa.gob.hn\/web\/wp-json\/wp\/v2\/pages\/1583\/revisions"}],"predecessor-version":[{"id":5613,"href":"https:\/\/senasa.gob.hn\/web\/wp-json\/wp\/v2\/pages\/1583\/revisions\/5613"}],"wp:attachment":[{"href":"https:\/\/senasa.gob.hn\/web\/wp-json\/wp\/v2\/media?parent=1583"}],"curies":[{"name":"wp","href":"https:\/\/api.w.org\/{rel}","templated":true}]}}