{"id":1575,"date":"2021-11-15T17:46:00","date_gmt":"2021-11-15T17:46:00","guid":{"rendered":"https:\/\/senasa.gob.hn\/web\/?page_id=1575"},"modified":"2022-02-22T16:40:47","modified_gmt":"2022-02-22T16:40:47","slug":"vigilancia-de-enfermedades-porcinas","status":"publish","type":"page","link":"https:\/\/senasa.gob.hn\/web\/vigilancia-de-enfermedades-porcinas\/","title":{"rendered":"Vigilancia de Enfermedades Porcinas"},"content":{"rendered":"\t\t<div data-elementor-type=\"wp-page\" data-elementor-id=\"1575\" class=\"elementor elementor-1575\">\n\t\t\t\t\t\t<section class=\"elementor-section elementor-top-section elementor-element elementor-element-94d651b elementor-section-boxed elementor-section-height-default elementor-section-height-default\" data-id=\"94d651b\" data-element_type=\"section\" data-e-type=\"section\">\n\t\t\t\t\t\t<div class=\"elementor-container elementor-column-gap-default\">\n\t\t\t\t\t<div class=\"elementor-column elementor-col-100 elementor-top-column elementor-element elementor-element-03e65f1\" data-id=\"03e65f1\" data-element_type=\"column\" data-e-type=\"column\">\n\t\t\t<div class=\"elementor-widget-wrap elementor-element-populated\">\n\t\t\t\t\t\t<div class=\"elementor-element elementor-element-f73c74c elementor-widget elementor-widget-heading\" data-id=\"f73c74c\" data-element_type=\"widget\" data-e-type=\"widget\" data-widget_type=\"heading.default\">\n\t\t\t\t<div class=\"elementor-widget-container\">\n\t\t\t\t\t<h2 class=\"elementor-heading-title elementor-size-default\">Vigilancia de Enfermedades Porcinas<\/h2>\t\t\t\t<\/div>\n\t\t\t\t<\/div>\n\t\t\t\t\t<\/div>\n\t\t<\/div>\n\t\t\t\t\t<\/div>\n\t\t<\/section>\n\t\t\t\t<section class=\"elementor-section elementor-top-section elementor-element elementor-element-97893c9 elementor-section-boxed elementor-section-height-default elementor-section-height-default\" data-id=\"97893c9\" data-element_type=\"section\" data-e-type=\"section\">\n\t\t\t\t\t\t<div class=\"elementor-container elementor-column-gap-default\">\n\t\t\t\t\t<div class=\"elementor-column elementor-col-100 elementor-top-column elementor-element elementor-element-e950ec3\" data-id=\"e950ec3\" data-element_type=\"column\" data-e-type=\"column\">\n\t\t\t<div class=\"elementor-widget-wrap elementor-element-populated\">\n\t\t\t\t\t\t<div class=\"elementor-element elementor-element-6af63a2 elementor-widget elementor-widget-text-editor\" data-id=\"6af63a2\" data-element_type=\"widget\" data-e-type=\"widget\" data-widget_type=\"text-editor.default\">\n\t\t\t\t<div class=\"elementor-widget-container\">\n\t\t\t\t\t\t\t\t\t<p><span style=\"font-weight: 400; font-family: pluto-sans;\">El departamento de Epidemiolog\u00eda desarrolla actividades de vigilancia epidemiol\u00f3gica para prevenir el ingreso y garantizar el estatus sanitario del pa\u00eds como libre de enfermedades de alto impacto econ\u00f3mico en el sector porcino.\u00a0<\/span><\/p><ul><li style=\"font-weight: 400;\" aria-level=\"1\"><span style=\"font-weight: 400; font-family: pluto-sans;\">Infecci\u00f3n por el virus de la peste porcina africana<\/span><\/li><li style=\"font-weight: 400;\" aria-level=\"1\"><span style=\"font-weight: 400; font-family: pluto-sans;\">Infecci\u00f3n por el virus de la peste porcina cl\u00e1sica<\/span><\/li><\/ul><p><span style=\"font-family: pluto-sans;\"><b>Otras enfermedades de control oficial<\/b><\/span><\/p><ul><li style=\"font-weight: 400;\" aria-level=\"1\"><span style=\"font-weight: 400; font-family: pluto-sans;\">Infecci\u00f3n por el virus del s\u00edndrome reproductivo y respiratorio porcino<\/span><\/li><li style=\"font-weight: 400;\" aria-level=\"1\"><span style=\"font-family: pluto-sans;\"><span style=\"font-weight: 400;\">Infecci\u00f3n por <\/span><i><span style=\"font-weight: 400;\">Taenia solium<\/span><\/i><span style=\"font-weight: 400;\"> (Cisticercosis porcina)<\/span><\/span><\/li><li style=\"font-weight: 400;\" aria-level=\"1\"><span style=\"font-weight: 400; font-family: pluto-sans;\">Gastroenteritis transmisible<\/span><\/li><\/ul><p><span style=\"font-family: pluto-sans;\"><b>Nuestros Servicios<\/b><\/span><\/p><ol><li style=\"font-weight: 400;\" aria-level=\"1\"><span style=\"font-weight: 400; font-family: pluto-sans;\">Atenci\u00f3n de Denuncias<\/span><\/li><li style=\"font-weight: 400;\" aria-level=\"1\"><span style=\"font-weight: 400; font-family: pluto-sans;\">Recolecci\u00f3n de muestras para cuarentena y\/o diagn\u00f3stico general de enfermedades de control oficial de los cerdos.<\/span><\/li><li style=\"font-weight: 400;\" aria-level=\"1\"><span style=\"font-weight: 400; font-family: pluto-sans;\">Emisi\u00f3n de constancia de granja bajo control oficial.<\/span><\/li><\/ol>\t\t\t\t\t\t\t\t<\/div>\n\t\t\t\t<\/div>\n\t\t\t\t\t<\/div>\n\t\t<\/div>\n\t\t\t\t\t<\/div>\n\t\t<\/section>\n\t\t\t\t<\/div>\n\t\t","protected":false},"excerpt":{"rendered":"<p>Vigilancia de Enfermedades Porcinas El departamento de Epidemiolog\u00eda desarrolla actividades de vigilancia epidemiol\u00f3gica para prevenir el ingreso y garantizar el estatus sanitario del pa\u00eds como libre de enfermedades de alto impacto econ\u00f3mico en el sector porcino.\u00a0 Infecci\u00f3n por el virus de la peste porcina africana Infecci\u00f3n por el virus de la peste porcina cl\u00e1sica Otras &hellip;<\/p>\n<p class=\"read-more\"> <a class=\"\" href=\"https:\/\/senasa.gob.hn\/web\/vigilancia-de-enfermedades-porcinas\/\"> <span class=\"screen-reader-text\">Vigilancia de Enfermedades Porcinas<\/span> Leer m\u00e1s &raquo;<\/a><\/p>\n","protected":false},"author":1,"featured_media":0,"parent":0,"menu_order":0,"comment_status":"closed","ping_status":"closed","template":"","meta":{"ub_ctt_via":"","site-sidebar-layout":"no-sidebar","site-content-layout":"page-builder","ast-main-header-display":"","ast-hfb-above-header-display":"","ast-hfb-below-header-display":"","ast-hfb-mobile-header-display":"","site-post-title":"disabled","ast-breadcrumbs-content":"","ast-featured-img":"disabled","footer-sml-layout":"","theme-transparent-header-meta":"default","adv-header-id-meta":"","stick-header-meta":"","header-above-stick-meta":"","header-main-stick-meta":"","header-below-stick-meta":"","footnotes":""},"class_list":["post-1575","page","type-page","status-publish","hentry"],"featured_image_src":null,"_links":{"self":[{"href":"https:\/\/senasa.gob.hn\/web\/wp-json\/wp\/v2\/pages\/1575","targetHints":{"allow":["GET"]}}],"collection":[{"href":"https:\/\/senasa.gob.hn\/web\/wp-json\/wp\/v2\/pages"}],"about":[{"href":"https:\/\/senasa.gob.hn\/web\/wp-json\/wp\/v2\/types\/page"}],"author":[{"embeddable":true,"href":"https:\/\/senasa.gob.hn\/web\/wp-json\/wp\/v2\/users\/1"}],"replies":[{"embeddable":true,"href":"https:\/\/senasa.gob.hn\/web\/wp-json\/wp\/v2\/comments?post=1575"}],"version-history":[{"count":5,"href":"https:\/\/senasa.gob.hn\/web\/wp-json\/wp\/v2\/pages\/1575\/revisions"}],"predecessor-version":[{"id":5626,"href":"https:\/\/senasa.gob.hn\/web\/wp-json\/wp\/v2\/pages\/1575\/revisions\/5626"}],"wp:attachment":[{"href":"https:\/\/senasa.gob.hn\/web\/wp-json\/wp\/v2\/media?parent=1575"}],"curies":[{"name":"wp","href":"https:\/\/api.w.org\/{rel}","templated":true}]}}