{"id":1567,"date":"2021-11-15T17:42:44","date_gmt":"2021-11-15T17:42:44","guid":{"rendered":"https:\/\/senasa.gob.hn\/web\/?page_id=1567"},"modified":"2022-03-07T21:37:39","modified_gmt":"2022-03-07T21:37:39","slug":"programa-de-salud-acuicola-y-pesquera","status":"publish","type":"page","link":"https:\/\/senasa.gob.hn\/web\/programa-de-salud-acuicola-y-pesquera\/","title":{"rendered":"Programa de Salud Acu\u00edcola y Pesquera"},"content":{"rendered":"\t\t<div data-elementor-type=\"wp-page\" data-elementor-id=\"1567\" class=\"elementor elementor-1567\">\n\t\t\t\t\t\t<section class=\"elementor-section elementor-top-section elementor-element elementor-element-94d651b elementor-section-boxed elementor-section-height-default elementor-section-height-default\" data-id=\"94d651b\" data-element_type=\"section\" data-e-type=\"section\">\n\t\t\t\t\t\t<div class=\"elementor-container elementor-column-gap-default\">\n\t\t\t\t\t<div class=\"elementor-column elementor-col-100 elementor-top-column elementor-element elementor-element-03e65f1\" data-id=\"03e65f1\" data-element_type=\"column\" data-e-type=\"column\">\n\t\t\t<div class=\"elementor-widget-wrap elementor-element-populated\">\n\t\t\t\t\t\t<div class=\"elementor-element elementor-element-f73c74c elementor-widget elementor-widget-heading\" data-id=\"f73c74c\" data-element_type=\"widget\" data-e-type=\"widget\" data-widget_type=\"heading.default\">\n\t\t\t\t<div class=\"elementor-widget-container\">\n\t\t\t\t\t<h2 class=\"elementor-heading-title elementor-size-default\">Programa de Salud Acu\u00edcola y Pesquera<\/h2>\t\t\t\t<\/div>\n\t\t\t\t<\/div>\n\t\t\t\t\t<\/div>\n\t\t<\/div>\n\t\t\t\t\t<\/div>\n\t\t<\/section>\n\t\t\t\t<section class=\"elementor-section elementor-top-section elementor-element elementor-element-97893c9 elementor-section-boxed elementor-section-height-default elementor-section-height-default\" data-id=\"97893c9\" data-element_type=\"section\" data-e-type=\"section\">\n\t\t\t\t\t\t<div class=\"elementor-container elementor-column-gap-default\">\n\t\t\t\t\t<div class=\"elementor-column elementor-col-100 elementor-top-column elementor-element elementor-element-e950ec3\" data-id=\"e950ec3\" data-element_type=\"column\" data-e-type=\"column\">\n\t\t\t<div class=\"elementor-widget-wrap elementor-element-populated\">\n\t\t\t\t\t\t<div class=\"elementor-element elementor-element-6af63a2 elementor-widget elementor-widget-text-editor\" data-id=\"6af63a2\" data-element_type=\"widget\" data-e-type=\"widget\" data-widget_type=\"text-editor.default\">\n\t\t\t\t<div class=\"elementor-widget-container\">\n\t\t\t\t\t\t\t\t\t<p><span style=\"font-weight: 400; font-family: pluto-sans;\">El programa cumple el prop\u00f3sito de preservar la salud pesquera y acu\u00edcola del pa\u00eds a trav\u00e9s de acciones para prevenir la introducci\u00f3n, establecimiento y diseminaci\u00f3n de enfermedades de importancia econ\u00f3mica, cuarentenaria y social que amenacen la salud humana y animal del pa\u00eds.<\/span><\/p><p><span style=\"font-family: pluto-sans;\"><b>ESPECIE<\/b><\/span><\/p><p><span style=\"font-family: pluto-sans;\"><b>Camar\u00f3n<\/b><b><i> (Penaeus Vannamei)<\/i><\/b><\/span><\/p><p><span style=\"font-weight: 400; font-family: pluto-sans;\">En camar\u00f3n de cultivo se realiza vigilancia en las siguientes enfermedades:<\/span><\/p><ol><li style=\"font-weight: 400;\" aria-level=\"1\"><span style=\"font-weight: 400; font-family: pluto-sans;\">\u00a0Enfermedad de la Necrosis Hepatopancre\u00e1tica Aguda (Cap\u00edtulo 2.2.1) (EMS)<\/span><\/li><li style=\"font-weight: 400;\" aria-level=\"1\"><span style=\"font-weight: 400; font-family: pluto-sans;\">Hepatopancreatitis Necrotizante (Cap\u00edtulo 2.2.3) (NHP)<\/span><\/li><li style=\"font-weight: 400;\" aria-level=\"1\"><span style=\"font-weight: 400; font-family: pluto-sans;\">Infecci\u00f3n por el virus de la Necrosis Hipod\u00e9rmica y Hematopoy\u00e9tica Infecciosa (Cap\u00edtulo 2.2.4) (IHHN)<\/span><\/li><li style=\"font-weight: 400;\" aria-level=\"1\"><span style=\"font-family: pluto-sans;\"><span style=\"font-weight: 400;\">\u00a0\u00a0<\/span><span style=\"font-weight: 400;\">Infecci\u00f3n por el virus de la Mionecrosis Infecciosa (Cap\u00edtulo 2.2.5) (IMNV)<\/span><\/span><\/li><li style=\"font-weight: 400;\" aria-level=\"1\"><span style=\"font-family: pluto-sans;\"><span style=\"font-weight: 400;\">\u00a0<\/span><span style=\"font-weight: 400;\">Infecci\u00f3n por el virus del S\u00edndrome de Taura (Cap\u00edtulo 2.2.7) (TSV)<\/span><\/span><\/li><li style=\"font-weight: 400;\" aria-level=\"1\"><span style=\"font-weight: 400; font-family: pluto-sans;\">Infecci\u00f3n por el virus del S\u00edndrome de las Manchas Blancas (Cap\u00edtulo 2.2.8) (WSSV)<\/span><\/li><li style=\"font-weight: 400;\" aria-level=\"1\"><span style=\"font-family: pluto-sans;\"><span style=\"font-weight: 400;\">Infecci\u00f3n por el virus de la Cabeza Amarilla Genotipo 1 (Cap\u00edtulo 2.2.9) (YHV)<\/span><\/span><\/li><li aria-level=\"1\">Enfermedad de la cola blanca (en <em>Penaeus Vannamei<\/em>)<\/li><\/ol><p><span style=\"font-family: pluto-sans;\"><b>Nuestros Servicios<\/b><span style=\"font-weight: 400;\">:\u00a0<\/span><\/span><\/p><ol><li><span style=\"font-weight: 400; font-family: pluto-sans;\">Inspecciones de bioseguridad de los Laboratorios de Nauplios, Larvas, Post Larvas, Alevines y Camar\u00f3n cultivado<\/span><\/li><li aria-level=\"1\"><span style=\"font-weight: 400; font-family: pluto-sans;\">Registro y Renovaci\u00f3n de los Laboratorios de Nauplios, Larvas, Post Larvas, Alevines y Camar\u00f3n cultivado<\/span><\/li><\/ol>\t\t\t\t\t\t\t\t<\/div>\n\t\t\t\t<\/div>\n\t\t\t\t\t<\/div>\n\t\t<\/div>\n\t\t\t\t\t<\/div>\n\t\t<\/section>\n\t\t\t\t<section class=\"elementor-section elementor-top-section elementor-element elementor-element-f4c0d83 elementor-section-boxed elementor-section-height-default elementor-section-height-default\" data-id=\"f4c0d83\" data-element_type=\"section\" data-e-type=\"section\">\n\t\t\t\t\t\t<div class=\"elementor-container elementor-column-gap-default\">\n\t\t\t\t\t<div class=\"elementor-column elementor-col-100 elementor-top-column elementor-element elementor-element-7847207\" data-id=\"7847207\" data-element_type=\"column\" data-e-type=\"column\">\n\t\t\t<div class=\"elementor-widget-wrap elementor-element-populated\">\n\t\t\t\t\t\t<div class=\"elementor-element elementor-element-ddab641 elementor-align-center elementor-widget elementor-widget-button\" data-id=\"ddab641\" data-element_type=\"widget\" data-e-type=\"widget\" data-widget_type=\"button.default\">\n\t\t\t\t<div class=\"elementor-widget-container\">\n\t\t\t\t\t\t\t\t\t<div class=\"elementor-button-wrapper\">\n\t\t\t\t\t<a class=\"elementor-button elementor-button-link elementor-size-sm\" href=\"https:\/\/senasa.gob.hn\/web\/salud-animal-3\/\">\n\t\t\t\t\t\t<span class=\"elementor-button-content-wrapper\">\n\t\t\t\t\t\t\t\t\t<span class=\"elementor-button-text\">Requisito GER<\/span>\n\t\t\t\t\t<\/span>\n\t\t\t\t\t<\/a>\n\t\t\t\t<\/div>\n\t\t\t\t\t\t\t\t<\/div>\n\t\t\t\t<\/div>\n\t\t\t\t\t<\/div>\n\t\t<\/div>\n\t\t\t\t\t<\/div>\n\t\t<\/section>\n\t\t\t\t<\/div>\n\t\t","protected":false},"excerpt":{"rendered":"<p>Programa de Salud Acu\u00edcola y Pesquera El programa cumple el prop\u00f3sito de preservar la salud pesquera y acu\u00edcola del pa\u00eds a trav\u00e9s de acciones para prevenir la introducci\u00f3n, establecimiento y diseminaci\u00f3n de enfermedades de importancia econ\u00f3mica, cuarentenaria y social que amenacen la salud humana y animal del pa\u00eds. ESPECIE Camar\u00f3n (Penaeus Vannamei) En camar\u00f3n de &hellip;<\/p>\n<p class=\"read-more\"> <a class=\"\" href=\"https:\/\/senasa.gob.hn\/web\/programa-de-salud-acuicola-y-pesquera\/\"> <span class=\"screen-reader-text\">Programa de Salud Acu\u00edcola y Pesquera<\/span> Leer m\u00e1s &raquo;<\/a><\/p>\n","protected":false},"author":1,"featured_media":0,"parent":0,"menu_order":0,"comment_status":"closed","ping_status":"closed","template":"","meta":{"ub_ctt_via":"","site-sidebar-layout":"no-sidebar","site-content-layout":"page-builder","ast-main-header-display":"","ast-hfb-above-header-display":"","ast-hfb-below-header-display":"","ast-hfb-mobile-header-display":"","site-post-title":"disabled","ast-breadcrumbs-content":"","ast-featured-img":"disabled","footer-sml-layout":"","theme-transparent-header-meta":"default","adv-header-id-meta":"","stick-header-meta":"","header-above-stick-meta":"","header-main-stick-meta":"","header-below-stick-meta":"","footnotes":""},"class_list":["post-1567","page","type-page","status-publish","hentry"],"featured_image_src":null,"_links":{"self":[{"href":"https:\/\/senasa.gob.hn\/web\/wp-json\/wp\/v2\/pages\/1567","targetHints":{"allow":["GET"]}}],"collection":[{"href":"https:\/\/senasa.gob.hn\/web\/wp-json\/wp\/v2\/pages"}],"about":[{"href":"https:\/\/senasa.gob.hn\/web\/wp-json\/wp\/v2\/types\/page"}],"author":[{"embeddable":true,"href":"https:\/\/senasa.gob.hn\/web\/wp-json\/wp\/v2\/users\/1"}],"replies":[{"embeddable":true,"href":"https:\/\/senasa.gob.hn\/web\/wp-json\/wp\/v2\/comments?post=1567"}],"version-history":[{"count":5,"href":"https:\/\/senasa.gob.hn\/web\/wp-json\/wp\/v2\/pages\/1567\/revisions"}],"predecessor-version":[{"id":6259,"href":"https:\/\/senasa.gob.hn\/web\/wp-json\/wp\/v2\/pages\/1567\/revisions\/6259"}],"wp:attachment":[{"href":"https:\/\/senasa.gob.hn\/web\/wp-json\/wp\/v2\/media?parent=1567"}],"curies":[{"name":"wp","href":"https:\/\/api.w.org\/{rel}","templated":true}]}}