{"id":1550,"date":"2021-11-15T17:17:00","date_gmt":"2021-11-15T17:17:00","guid":{"rendered":"https:\/\/senasa.gob.hn\/web\/?page_id=1550"},"modified":"2022-03-07T21:42:02","modified_gmt":"2022-03-07T21:42:02","slug":"vigilancia-de-rabia-paralitica-bovina","status":"publish","type":"page","link":"https:\/\/senasa.gob.hn\/web\/vigilancia-de-rabia-paralitica-bovina\/","title":{"rendered":"VIGILANCIA DE RABIA PARAL\u00cdTICA BOVINA"},"content":{"rendered":"\t\t<div data-elementor-type=\"wp-page\" data-elementor-id=\"1550\" class=\"elementor elementor-1550\">\n\t\t\t\t\t\t<section class=\"elementor-section elementor-top-section elementor-element elementor-element-94d651b elementor-section-boxed elementor-section-height-default elementor-section-height-default\" data-id=\"94d651b\" data-element_type=\"section\" data-e-type=\"section\">\n\t\t\t\t\t\t<div class=\"elementor-container elementor-column-gap-default\">\n\t\t\t\t\t<div class=\"elementor-column elementor-col-100 elementor-top-column elementor-element elementor-element-03e65f1\" data-id=\"03e65f1\" data-element_type=\"column\" data-e-type=\"column\">\n\t\t\t<div class=\"elementor-widget-wrap elementor-element-populated\">\n\t\t\t\t\t\t<div class=\"elementor-element elementor-element-f73c74c elementor-widget elementor-widget-heading\" data-id=\"f73c74c\" data-element_type=\"widget\" data-e-type=\"widget\" data-widget_type=\"heading.default\">\n\t\t\t\t<div class=\"elementor-widget-container\">\n\t\t\t\t\t<h2 class=\"elementor-heading-title elementor-size-default\">Vigilancia de Rabia Paral\u00edtica Bovina<\/h2>\t\t\t\t<\/div>\n\t\t\t\t<\/div>\n\t\t\t\t\t<\/div>\n\t\t<\/div>\n\t\t\t\t\t<\/div>\n\t\t<\/section>\n\t\t\t\t<section class=\"elementor-section elementor-top-section elementor-element elementor-element-97893c9 elementor-section-boxed elementor-section-height-default elementor-section-height-default\" data-id=\"97893c9\" data-element_type=\"section\" data-e-type=\"section\">\n\t\t\t\t\t\t<div class=\"elementor-container elementor-column-gap-default\">\n\t\t\t\t\t<div class=\"elementor-column elementor-col-100 elementor-top-column elementor-element elementor-element-e950ec3\" data-id=\"e950ec3\" data-element_type=\"column\" data-e-type=\"column\">\n\t\t\t<div class=\"elementor-widget-wrap elementor-element-populated\">\n\t\t\t\t\t\t<div class=\"elementor-element elementor-element-6af63a2 elementor-widget elementor-widget-text-editor\" data-id=\"6af63a2\" data-element_type=\"widget\" data-e-type=\"widget\" data-widget_type=\"text-editor.default\">\n\t\t\t\t<div class=\"elementor-widget-container\">\n\t\t\t\t\t\t\t\t\t<p><span style=\"font-weight: 400;\">La Direcci\u00f3n de Salud Animal a trav\u00e9s del Departamento de Epidemiolog\u00eda realiza actividades de vigilancia para la prevenci\u00f3n y control de Rabia Paral\u00edtica Bovina en zonas focales, perifocales y con antecedentes de la enfermedad. As\u00ed mismo,\u00a0 se coordina interinstitucionalmente con la Unidad de Vigilancia de Zoonosis de la SESAL para brindar seguimientos integrados en el marco de UNA SALUD.<\/span><\/p><p><b>Actividades<\/b><\/p><ol><li style=\"font-weight: 400;\" aria-level=\"1\"><span style=\"font-weight: 400;\">Vigilancia y Respuesta Frente a Focos de Rabia Paral\u00edtica Bovina<\/span><\/li><li style=\"font-weight: 400;\" aria-level=\"1\"><span style=\"font-weight: 400;\">Promoci\u00f3n y jornadas de vacunaci\u00f3n Antirr\u00e1bica Bovina<\/span><\/li><li style=\"font-weight: 400;\" aria-level=\"1\"><span style=\"font-weight: 400;\">Actividades para el control del murci\u00e9lago vampiro (<\/span><i><span style=\"font-weight: 400;\">Desmodus Rotundu<\/span><\/i><span style=\"font-weight: 400;\">s)<\/span><\/li><\/ol><p><b>Nuestros servicios<\/b><\/p><ul><li aria-level=\"1\"><span style=\"font-weight: 400;\">Atenci\u00f3n de Denuncias<\/span><\/li><\/ul>\t\t\t\t\t\t\t\t<\/div>\n\t\t\t\t<\/div>\n\t\t\t\t\t<\/div>\n\t\t<\/div>\n\t\t\t\t\t<\/div>\n\t\t<\/section>\n\t\t\t\t<\/div>\n\t\t","protected":false},"excerpt":{"rendered":"<p>Vigilancia de Rabia Paral\u00edtica Bovina La Direcci\u00f3n de Salud Animal a trav\u00e9s del Departamento de Epidemiolog\u00eda realiza actividades de vigilancia para la prevenci\u00f3n y control de Rabia Paral\u00edtica Bovina en zonas focales, perifocales y con antecedentes de la enfermedad. As\u00ed mismo,\u00a0 se coordina interinstitucionalmente con la Unidad de Vigilancia de Zoonosis de la SESAL para &hellip;<\/p>\n<p class=\"read-more\"> <a class=\"\" href=\"https:\/\/senasa.gob.hn\/web\/vigilancia-de-rabia-paralitica-bovina\/\"> <span class=\"screen-reader-text\">VIGILANCIA DE RABIA PARAL\u00cdTICA BOVINA<\/span> Leer m\u00e1s &raquo;<\/a><\/p>\n","protected":false},"author":1,"featured_media":0,"parent":0,"menu_order":0,"comment_status":"closed","ping_status":"closed","template":"","meta":{"ub_ctt_via":"","site-sidebar-layout":"no-sidebar","site-content-layout":"page-builder","ast-main-header-display":"","ast-hfb-above-header-display":"","ast-hfb-below-header-display":"","ast-hfb-mobile-header-display":"","site-post-title":"disabled","ast-breadcrumbs-content":"","ast-featured-img":"disabled","footer-sml-layout":"","theme-transparent-header-meta":"default","adv-header-id-meta":"","stick-header-meta":"","header-above-stick-meta":"","header-main-stick-meta":"","header-below-stick-meta":"","footnotes":""},"class_list":["post-1550","page","type-page","status-publish","hentry"],"featured_image_src":null,"_links":{"self":[{"href":"https:\/\/senasa.gob.hn\/web\/wp-json\/wp\/v2\/pages\/1550","targetHints":{"allow":["GET"]}}],"collection":[{"href":"https:\/\/senasa.gob.hn\/web\/wp-json\/wp\/v2\/pages"}],"about":[{"href":"https:\/\/senasa.gob.hn\/web\/wp-json\/wp\/v2\/types\/page"}],"author":[{"embeddable":true,"href":"https:\/\/senasa.gob.hn\/web\/wp-json\/wp\/v2\/users\/1"}],"replies":[{"embeddable":true,"href":"https:\/\/senasa.gob.hn\/web\/wp-json\/wp\/v2\/comments?post=1550"}],"version-history":[{"count":5,"href":"https:\/\/senasa.gob.hn\/web\/wp-json\/wp\/v2\/pages\/1550\/revisions"}],"predecessor-version":[{"id":6265,"href":"https:\/\/senasa.gob.hn\/web\/wp-json\/wp\/v2\/pages\/1550\/revisions\/6265"}],"wp:attachment":[{"href":"https:\/\/senasa.gob.hn\/web\/wp-json\/wp\/v2\/media?parent=1550"}],"curies":[{"name":"wp","href":"https:\/\/api.w.org\/{rel}","templated":true}]}}