{"id":1350,"date":"2021-11-12T15:01:36","date_gmt":"2021-11-12T15:01:36","guid":{"rendered":"https:\/\/senasa.gob.hn\/web\/?page_id=1350"},"modified":"2022-03-07T21:40:05","modified_gmt":"2022-03-07T21:40:05","slug":"programa-de-enfermedades-exoticas","status":"publish","type":"page","link":"https:\/\/senasa.gob.hn\/web\/programa-de-enfermedades-exoticas\/","title":{"rendered":"Programa de enfermedades Ex\u00f3ticas"},"content":{"rendered":"\t\t<div data-elementor-type=\"wp-page\" data-elementor-id=\"1350\" class=\"elementor elementor-1350\">\n\t\t\t\t\t\t<section class=\"elementor-section elementor-top-section elementor-element elementor-element-94d651b elementor-section-boxed elementor-section-height-default elementor-section-height-default\" data-id=\"94d651b\" data-element_type=\"section\" data-e-type=\"section\">\n\t\t\t\t\t\t<div class=\"elementor-container elementor-column-gap-default\">\n\t\t\t\t\t<div class=\"elementor-column elementor-col-100 elementor-top-column elementor-element elementor-element-03e65f1\" data-id=\"03e65f1\" data-element_type=\"column\" data-e-type=\"column\">\n\t\t\t<div class=\"elementor-widget-wrap elementor-element-populated\">\n\t\t\t\t\t\t<div class=\"elementor-element elementor-element-f73c74c elementor-widget elementor-widget-heading\" data-id=\"f73c74c\" data-element_type=\"widget\" data-e-type=\"widget\" data-widget_type=\"heading.default\">\n\t\t\t\t<div class=\"elementor-widget-container\">\n\t\t\t\t\t<h2 class=\"elementor-heading-title elementor-size-default\">Programa de Enfermedades Ex\u00f3ticas<\/h2>\t\t\t\t<\/div>\n\t\t\t\t<\/div>\n\t\t\t\t\t<\/div>\n\t\t<\/div>\n\t\t\t\t\t<\/div>\n\t\t<\/section>\n\t\t\t\t<section class=\"elementor-section elementor-top-section elementor-element elementor-element-97893c9 elementor-section-boxed elementor-section-height-default elementor-section-height-default\" data-id=\"97893c9\" data-element_type=\"section\" data-e-type=\"section\">\n\t\t\t\t\t\t<div class=\"elementor-container elementor-column-gap-default\">\n\t\t\t\t\t<div class=\"elementor-column elementor-col-100 elementor-top-column elementor-element elementor-element-e950ec3\" data-id=\"e950ec3\" data-element_type=\"column\" data-e-type=\"column\">\n\t\t\t<div class=\"elementor-widget-wrap elementor-element-populated\">\n\t\t\t\t\t\t<div class=\"elementor-element elementor-element-6af63a2 elementor-widget elementor-widget-text-editor\" data-id=\"6af63a2\" data-element_type=\"widget\" data-e-type=\"widget\" data-widget_type=\"text-editor.default\">\n\t\t\t\t<div class=\"elementor-widget-container\">\n\t\t\t\t\t\t\t\t\t<p><span style=\"font-weight: 400; font-family: pluto-sans;\">Programa que lleva a cabo diversas actividades con el objetivo de prevenir la introducci\u00f3n de enfermedades ex\u00f3ticas de alto impacto sanitario y econ\u00f3mico, y as\u00ed preservar el patrimonio pecuario del pa\u00eds.<\/span><\/p><p><strong><span style=\"font-family: pluto-sans;\">Enfermedades con vigilancia epidemiol\u00f3gica<\/span><\/strong><\/p><ul><li><span style=\"font-weight: 400; font-family: pluto-sans;\">Fiebre Aftosa<\/span><\/li><li><span style=\"font-weight: 400; font-family: pluto-sans;\">Encefalopat\u00eda espongiforme Bovina<\/span><\/li><\/ul><p><b style=\"font-family: pluto-sans; font-style: inherit;\">Nuestros Servicios<\/b><\/p><ul><li><span style=\"font-weight: 400; font-family: pluto-sans;\">Atenci\u00f3n de denuncias\u00a0<\/span><\/li><\/ul>\t\t\t\t\t\t\t\t<\/div>\n\t\t\t\t<\/div>\n\t\t\t\t\t<\/div>\n\t\t<\/div>\n\t\t\t\t\t<\/div>\n\t\t<\/section>\n\t\t\t\t<\/div>\n\t\t","protected":false},"excerpt":{"rendered":"<p>Programa de Enfermedades Ex\u00f3ticas Programa que lleva a cabo diversas actividades con el objetivo de prevenir la introducci\u00f3n de enfermedades ex\u00f3ticas de alto impacto sanitario y econ\u00f3mico, y as\u00ed preservar el patrimonio pecuario del pa\u00eds. Enfermedades con vigilancia epidemiol\u00f3gica Fiebre Aftosa Encefalopat\u00eda espongiforme Bovina Nuestros Servicios Atenci\u00f3n de denuncias\u00a0<\/p>\n","protected":false},"author":1,"featured_media":0,"parent":0,"menu_order":0,"comment_status":"closed","ping_status":"closed","template":"","meta":{"ub_ctt_via":"","site-sidebar-layout":"no-sidebar","site-content-layout":"page-builder","ast-main-header-display":"","ast-hfb-above-header-display":"","ast-hfb-below-header-display":"","ast-hfb-mobile-header-display":"","site-post-title":"disabled","ast-breadcrumbs-content":"","ast-featured-img":"disabled","footer-sml-layout":"","theme-transparent-header-meta":"default","adv-header-id-meta":"","stick-header-meta":"","header-above-stick-meta":"","header-main-stick-meta":"","header-below-stick-meta":"","footnotes":""},"class_list":["post-1350","page","type-page","status-publish","hentry"],"featured_image_src":null,"_links":{"self":[{"href":"https:\/\/senasa.gob.hn\/web\/wp-json\/wp\/v2\/pages\/1350","targetHints":{"allow":["GET"]}}],"collection":[{"href":"https:\/\/senasa.gob.hn\/web\/wp-json\/wp\/v2\/pages"}],"about":[{"href":"https:\/\/senasa.gob.hn\/web\/wp-json\/wp\/v2\/types\/page"}],"author":[{"embeddable":true,"href":"https:\/\/senasa.gob.hn\/web\/wp-json\/wp\/v2\/users\/1"}],"replies":[{"embeddable":true,"href":"https:\/\/senasa.gob.hn\/web\/wp-json\/wp\/v2\/comments?post=1350"}],"version-history":[{"count":5,"href":"https:\/\/senasa.gob.hn\/web\/wp-json\/wp\/v2\/pages\/1350\/revisions"}],"predecessor-version":[{"id":6262,"href":"https:\/\/senasa.gob.hn\/web\/wp-json\/wp\/v2\/pages\/1350\/revisions\/6262"}],"wp:attachment":[{"href":"https:\/\/senasa.gob.hn\/web\/wp-json\/wp\/v2\/media?parent=1350"}],"curies":[{"name":"wp","href":"https:\/\/api.w.org\/{rel}","templated":true}]}}